hird derivative of o**6/120 - o**5/15 + o**4/8 - 5*o**2 + o. Determine t(x).
0
Let z(w) = w**2 - w - 6. Let y be z(-5). Suppose -y = 8*v + 16. Let x(h) = -2*h - 3. Determine x(v).
7
Let a(g) = -g**3 - 6*g**2 + 2*g + 8. Let j = -6 - 0. Determine a(j).
-4
Let b(v) = -v**2 - 5*v + 1. Let p(x) = -3*x + 6. Let k be (-4)/(-6)*(-8 + 5). Let r be ((-32)/(-12))/(k/(-3)). Let l be p(r). What is b(l)?
-5
Let f(l) = l**2 + 5*l - 1. Let j(w) = w**3 + 6*w**2 + 11*w + 20. Let c be j(-5). Suppose 2*g - g = 4. Let i = g + c. Calculate f(i).
5
Let h(b) = 52*b - 732. Let m be h(14). Let q(y) = 6*y**2 + 3*y - 7. Suppose 0 = -0*j - 3*j + 15. Let z(r) = r**2 - 1. Let n(t) = j*z(t) - q(t). Calculate n(m).
-2
Let b = 58 + -53. Suppose b = -5*g, a - 5*g = -2*a - 4. Let c(q) = q**3 + 6*q**2 + 3*q. Give c(a).
18
Let a(w) = -6*w + 11. Let u(c) = -5*c + 9. Let x(i) = -4*a(i) + 5*u(i). Give x(3).
-2
Let i(x) be the first derivative of x**4/12 + x**3 + x**2 + 2*x - 6. Let j(o) be the first derivative of i(o). Let v be 1/(32/(-28) - -1). Give j(v).
9
Let l(i) = i + 4. Let m be l(0). Let y(w) = 38*w**2 - 10*w - 15. Let v(f) = -49*f**2 + 13*f + 20. Let n(b) = 7*v(b) + 9*y(b). Determine n(m).
-7
Let n be 2 + 3*4/(-9)*6. Let a(f) = -11*f - 4. Let z(j) = -j. Let b be -1 + 1 - (-3)/3. Let m(i) = b*a(i) + n*z(i). Determine m(-3).
11
Let m(f) = 3*f**3 - 3*f**2 - f + 4. Let d(i) = -4*i**3 + 5*i**2 + 2*i - 3. Let s(x) = -2*d(x) - 3*m(x). Determine s(0).
-6
Let i(m) = 1 + 10*m + 3 - 11*m. Let v be ((-4)/2)/((-3)/(-6)). What is i(v)?
8
Suppose 2 = 3*g + 5*x, 0*g = -g - 3*x + 2. Let p be (-3 - -2 - -4)*g. Let d(h) = -h**3 - 3*h**2 - 3*h - 3. Determine d(p).
6
Suppose 6 = -9*b + 3*b. Let l be (((-4)/(-6))/(-2))/(b/3). Let n(j) = -7*j**2 - j + 1. Determine n(l).
-7
Let n(r) = 5*r + 2*r**2 - 7*r**2 + 4*r + 1 + 0*r**2 + 4*r**2. Give n(9).
1
Let m(w) = -2 + 9*w - 14*w - 2 + 3*w. Let v = -4 - -3. Let k be ((-3)/(-3))/(v/5). Calculate m(k).
6
Let r(m) be the third derivative of m**5/60 - 7*m**4/24 - 3*m**3/2 - 12*m**2 + 4. Determine r(7).
-9
Let m(q) = q**3 - 7*q**2 + 7*q - 3. Let w be (6 - 6)/(-3 - -1). Suppose r - 2*n - 12 = 0, -4*n + 1 + 7 = w. Let t be r/(-20)*(-15)/2. Calculate m(t).
3
Let c(g) be the first derivative of 0*g - 1/2*g**2 + 43. What is c(-1)?
1
Let b(t) = 13*t**3 + 11*t**2 + 33*t + 18. Let w(j) = 3*j**3 + 3*j**2 + 8*j + 5. Let g(a) = -2*b(a) + 9*w(a). Determine g(-4).
1
Let y(p) = -p**2 + 4*p + 3. Let i be (-4)/(1 - -11)*-9. Suppose -h + 2*l = 3*h, i*h = -4*l + 22. Suppose -h*k + 6 = -5*k. Calculate y(k).
-9
Let f(b) be the second derivative of b**4/12 + 7*b**3/3 - 5*b**2 + 24*b. Give f(-15).
5
Let t(l) = -2*l - 10. Let g = -9 + 12. Suppose -4*y + 5 = -g. Let j = -9 + y. Calculate t(j).
4
Let u(k) = -3*k**2. Suppose -2 = -4*n - 6. Let t be (n/3)/((-9)/27). Give u(t).
-3
Let b(h) = 2*h**2 - 7*h + 2. Let k(s) = 2*s - 22. Let w be k(16). Let x = w - 5. Calculate b(x).
17
Let l(p) = -92*p + 188*p + 6 - 95*p. Let f = -8 + 1. Give l(f).
-1
Suppose 4*z + 23 = 3*c, -1 = -3*c - 4*z + 6. Let h(r) = 3*r**2 - r - 2. Let q(u) = -4*u**2 + u + 2. Let s(d) = c*q(d) + 6*h(d). Let b = 3 + -5. Determine s(b).
-8
Let q = -130 + 134. Let i(u) = 6*u**3 + 2*u**2 - 2*u - 3. Let y(s) = 7*s**3 + 3*s**2 - 2*s - 3. Let f(t) = -6*i(t) + 5*y(t). Determine f(q).
-5
Let y(v) be the second derivative of -1/24*v**4 - 1/120*v**5 + 0*v**2 + v + 0 + 2/3*v**3. Let c(u) be the second derivative of y(u). Determine c(1).
-2
Let o be (-110)/(-33)*(-18)/10. Let n(p) = p**3 + 5*p**2 - 6*p - 3. Give n(o).
-3
Let j(p) = -13*p + 18. Let s(q) = -5*q + 6. Let i(r) = 3*j(r) - 8*s(r). What is i(-5)?
1
Let l(r) = r**2 - 3*r - 9. Let n = 86 + -82. What is l(n)?
-5
Let z(r) = r**3 - r**2 + r - 11. Suppose -12*j = -23*j. Give z(j).
-11
Let m be (-128)/24 - -5 - (-2)/6. Let u(j) = 0*j - 2*j + j**2 + 3*j**2. Let o(t) = 5*t**2 - 3*t. Let v(l) = -3*o(l) + 4*u(l). Calculate v(m).
0
Suppose -10 = 4*r - 34. Let o(f) = 4 - 5*f**3 - 3 + 4*f**3 + 6*f**2. Give o(r).
1
Suppose 4*f - 9 = s, 7 = 4*s + 2*f + 25. Let j(z) = 2 + 0 + 5 + 5*z**2 - z + 0 + z**3. Determine j(s).
12
Let t(k) be the second derivative of -k**5/40 - k**4/8 - 17*k**3/6 - 24*k. Let j(m) be the second derivative of t(m). Determine j(-5).
12
Let o = -4 - -16. Suppose 2*c - o = -2*c. Let x(v) = 3*v - c*v - 1 + v. Calculate x(4).
3
Let i(x) be the third derivative of x**5/60 + x**4/3 - 3*x**3/2 + 192*x**2. Calculate i(-9).
0
Let k(t) = t. Suppose -5*s - 5 = 0, -a - a - 5*s = 9. Calculate k(a).
-2
Let q(x) = -x**3 - 3*x**2 - 5*x + 2. Let m(b) = -5*b**3 - 13*b**2 - 22*b + 9. Let c(k) = -2*m(k) + 9*q(k). Give c(3).
15
Let i(q) = -q**3 + 4*q**2 + 2*q + 3. Let g(d) = d**2 + 24*d + 100. Let p be g(-5). Determine i(p).
-12
Let i(w) = -w**2 + 4*w - 10. Let o be ((4 - 84/8) + 5)*-2. Calculate i(o).
-7
Let p = 22 + -19. Suppose 0 = p*y - 28 + 37. Let f(u) = -u + 3. What is f(y)?
6
Let u(i) be the third derivative of 7*i**6/120 + 2*i**2. Let z(h) = h**3 - h + 3. Let f be z(0). Let n = f - 4. Determine u(n).
-7
Let l(c) = -9*c**3 - 2*c - 1. Let g(d) = -23*d - 3*d**2 - 1 - 26*d + 46*d. Let h be g(-1). Give l(h).
10
Let c = 0 + 4. Let d(l) = 5*l**3 - 4*l + 7. Let j(t) = 11*t**3 - 9*t + 14. Let i = 58 + -67. Let r(n) = c*j(n) + i*d(n). Give r(0).
-7
Let c(o) = -2*o + 2. Suppose -60 = -3*q - 2*q. Let j(r) = r - 15. Let x be j(q). Calculate c(x).
8
Let u be (3 + -2)/((-11)/(-11)). Let c(b) = -32*b**3 + b**2. Determine c(u).
-31
Let w be (3/6)/(1/(-68)). Let v = w + 34. Let o(k) = -k**3 + k**2 - k - 3. Calculate o(v).
-3
Let t(l) = -73*l + 19*l + 20*l + 21*l + 12*l + 11. What is t(11)?
0
Let d(y) = y**3 - y**2 - 3*y + 8. Let o be d(0). Let h(u) = u - o + 6 - 4. Suppose 4*r - 15 = r. Give h(r).
-1
Let s be 2 + -4 + -34 - -2. Let p = s + 38. Let w be -3 + 2 + 8/p. Let i(x) = -6*x**3 + x - 1. Give i(w).
-6
Let q(l) = -18*l - 3 + 17*l - 13 + 2. Give q(-6).
-8
Let k(s) = -2*s**2 + 5*s + 6. Suppose -5*q = 5*a - 35, -5*q = 2 - 12. Calculate k(a).
-19
Let q(p) = -3*p**2 - 4*p + 9*p**2 + 0 - 7 - p**3. Let w be 15/(-6)*4/1. Let f = w + 15. Calculate q(f).
-2
Suppose -7*t - 5*r - 40 = -4*t, -5*t = 3*r + 40. Let m(u) = u**2 - 4*u - 48. What is m(t)?
-3
Let d(y) = y**3 + 7*y**2 - 13*y - 6. Let s = 48 - 57. What is d(s)?
-51
Let y(g) be the third derivative of -g**5/60 - g**4/8 - g**3/3 + 241*g**2 + 2*g. What is y(-5)?
-12
Suppose 8*z + 28 - 12 = 0. Let p(d) be the first derivative of d**4/6 + d**3/3 - d**2/2 + 2*d - 3. Let y(u) be the first derivative of p(u). Calculate y(z).
3
Let w(m) be the first derivative of -m**3/3 - 4*m**2 - 7*m - 58. Determine w(-6).
5
Let p = -2 - -5. Let i(x) = -x**2 + x - 2. Let s(w) = 2*w**2 - w + 3. Let u(z) = -7*i(z) - 4*s(z). What is u(p)?
-16
Suppose -5*o = m - 6, 0*o = 2*o. Suppose -3*k + m = 30. Let b be (k/12)/((-2)/3). Let i(p) = 11*p**2 + p. Determine i(b).
12
Let o(b) be the second derivative of b**5/20 + b**4/2 + 2*b**3/3 + 2*b**2 - 191*b. Determine o(-3).
19
Let v(t) = 5*t**2 - 12*t**2 + 10*t - 9*t - 7*t**2. Give v(1).
-13
Let v = -3649 - -3640. Let g(r) = -8 + 3 + 0 + 8*r + r**2. Give g(v).
4
Suppose -14*b = 14 - 14. Suppose -4*g - 6*g = b. Let j(x) = -x - 11. What is j(g)?
-11
Suppose 0*l = 3*l + 18. Let q(t) be the second derivative of t**5/20 + t**4/2 + t**3/3 + 9*t**2/2 + t + 54. Calculate q(l).
-3
Suppose -159 = -2*s - 153. Suppose 0 = 2*q - 4*k + 18 + 6, s*q - 4*k = -26. Let v(j) = 8*j + 2. Let n(z) = -15*z - 4. Let g(b) = 4*n(b) + 7*v(b). Give g(q).
6
Let p(l) be the second derivative of l**4/12 - l**3/6 - 23*l**2/2 + 427*l. What is p(0)?
-23
Suppose 5*n - 2 = 3. Let k(g) = -n - 8*g**2 + 9*g**2 - 7*g + g. What is k(5)?
-6
Let u(i) = 15*i - 6. Let z(x) = 3*x - 2. Let r(m) = 2*u(m) - 11*z(m). Calculate r(-8).
34
Let f = 2 + 5. Let w(x) = -9*x - 7. Let m(j) = 5*j + 4. Let c(s) = f*m(s) + 4*w(s). Calculate c(5).
-5
Let x(d) = 49*d - 20*d + 4 - 28*d. What is x(-9)?
-5
Let i(l) = l**2 - 2*l - 3. Let j be i(-2). Let h(r) = -2*r**3 + 1 - r**3 + j*r - 4*r. Suppose -43*p + 103 = -146*p. Give h(p).
3
Let m(i) = -1 + 26 - 10 - 4*i + 4*i + 2*i. Give m(-10).
-5
Let h = -40 + 46. Let i(m) = 0 - 4*m + 2*m - 6. What is i(h)?
-18
Let p be (58/(-174))/((-1)/3). Let t(d) = -18*d**2 + 1. Calculate t(p).
-17
Let x(l) = -l + 8. Let t be (36/(-24))/((-5)/((-280)/(-12))). Calcul